-3 + p + 5. Suppose -j - 3*j - 28 = -2*v, x*j = -3*v + 22. Does 10 divide v?
True
Let z be ((-11)/4)/(4/(-176)). Let d = -72 + z. Does 24 divide d?
False
Suppose 5*w + 5*c + 219 - 909 = 0, 4*w = 3*c + 552. Is 46 a factor of w?
True
Let j(n) be the third derivative of n**5/60 - n**4/6 + n**3/3 - 8*n**2. Is 2 a factor of j(4)?
True
Let m(x) = 3*x + 8. Let u be m(-4). Does 13 divide -2 + u/(-2) + 25?
False
Suppose 2*a - 6*a = q - 410, 5*q = -2*a + 214. Let v = -51 + a. Is 12 a factor of v?
False
Let c = 5 + -2. Is c a multiple of 3?
True
Let z = -17 + 38. Let o = 77 - z. Suppose -4*j = -0*j - o. Is 7 a factor of j?
True
Let u(j) be the second derivative of j**3/6 + 15*j**2/2 + 8*j. Let z = -11 + 4. Does 3 divide u(z)?
False
Let d(a) = 106*a**2 - 2*a. Is 13 a factor of d(1)?
True
Let d(t) = -t**2 + 5*t. Let n be (0 - 2) + (-7 - -3). Let j be ((-3)/2)/(3/n). Does 6 divide d(j)?
True
Suppose -3*b + 0*b = -120. Does 10 divide b?
True
Let u(d) = 34*d**3 - d**2 + 2*d - 2. Does 33 divide u(1)?
True
Let q(f) = 108*f**2 + f + 1. Let s be q(-1). Suppose -m + 4*c + 56 = -0*m, -3*m - 3*c = -s. Suppose n + 5*i = 42, 190 = 5*n - 5*i + m. Does 15 divide n?
False
Suppose -18 - 2 = 5*j. Let l = j - -5. Let i(s) = 5*s**3 - 2*s**2 + 2*s - 1. Is i(l) a multiple of 4?
True
Suppose 3*i + 17 = -1. Let x(z) = z**2 + 6*z - 7. Let b(o) = o**2 + 6*o - 6. Let u(l) = i*b(l) + 5*x(l). Is 3 a factor of u(-5)?
True
Let w(f) be the second derivative of f**4/12 + f**3/6 - 37*f**2/2 - f. Let m be w(0). Let r = -24 - m. Is r a multiple of 5?
False
Suppose f + 24 = 3*f. Does 4 divide f?
True
Let j = 148 + -74. Suppose 3*i + 0*i = 2*w + 19, 2*w = -4. Suppose 0 = -i*h + j + 11. Is h a multiple of 14?
False
Let i = -27 - -54. Is i a multiple of 16?
False
Let d(p) = 2*p**2 + 5*p - 4. Is d(-5) a multiple of 5?
False
Suppose -306 = -4*t - 2*t. Is 26 a factor of t?
False
Let c(m) = -m**3 - 6*m**2 - 2*m - 2. Let f = 2 + 11. Suppose 11 = -4*p - f. Does 5 divide c(p)?
True
Let d be 2/2 - 21 - -2. Let o = d - -36. Suppose -2*j + o = y, 5*j = 2*j + 12. Is 7 a factor of y?
False
Let v be (119/7)/(0 - -1). Let x = -6 + v. Does 11 divide x?
True
Let a(s) be the third derivative of s**7/1260 - s**6/180 + s**5/20 - 3*s**2. Let w(b) be the third derivative of a(b). Is w(7) a multiple of 11?
False
Let l be (-2)/(-4) - (-562)/4. Let s = 311 - l. Suppose 0 = 3*b + 2*b - s. Is 14 a factor of b?
False
Suppose -75 = -6*v + 2*v + 5*p, 4*v - 2*p - 78 = 0. Does 11 divide v?
False
Let j = -51 - -53. Is j a multiple of 2?
True
Suppose -4*n - 12 = s - 3*s, 2*n = 2*s - 6. Does 6 divide 1/(s + (-2)/(-24))?
True
Let y(r) = -2*r**3 - 2*r - 1. Let s(z) = -z + 3. Let w be s(4). Let h be y(w). Is 3 + (h/3 - -5) a multiple of 3?
True
Let d be 112/18 - (-6)/(-27). Let j(h) = h**3 - 7*h**2 + 5*h + 3. Let g be j(d). Let v = g + 6. Is 3 a factor of v?
True
Suppose -4*r - 201 = -3*f, -5*f - r + 61 = -251. Let c = -24 + f. Does 12 divide c?
False
Suppose -4 = -2*y - 0*y. Suppose -51 = -4*w - 4*x + 37, -x + 47 = y*w. Does 9 divide w?
False
Suppose 5*l - 18 = -2*v, -7 + 1 = v - 5*l. Let u = v - 2. Suppose 6*f - 56 = u*f. Is f a multiple of 13?
False
Let q be 1 + 1/2*2. Suppose 2 = -u + q*u. Suppose -u*j - 3 + 47 = 0. Is j a multiple of 11?
True
Let n(z) = -z**3 + z - 28. Let m be n(0). Let b = -7 - m. Does 7 divide b?
True
Let u(h) = h**3 + 9*h**2 + 5*h - 3. Let y be u(-7). Is (-686)/(-10) + 24/y a multiple of 15?
False
Suppose -4*l + 14 = 2*g - 22, -4*l + 12 = 0. Is 6 a factor of g?
True
Suppose -58 + 15 = o. Suppose -250 = -4*b + 30. Let m = b + o. Is 12 a factor of m?
False
Suppose -2*n - 2*b = 3*n + 2, -5*n + b - 14 = 0. Let q be (-188)/(-8) - n/4. Suppose q = -2*m + 3*m. Is 11 a factor of m?
False
Let b = -1 - -1. Suppose -m - 8*r = -3*r - 32, b = 2*m - 2*r - 16. Is m a multiple of 4?
True
Let k = -3 - 1. Let n = k - -4. Suppose -d + n*d + 16 = 0. Is d a multiple of 16?
True
Let h(r) = 18*r - 2. Let w be h(2). Let k = w - 20. Is k a multiple of 7?
True
Suppose 30 = 4*n - 58. Let u(f) = 2*f - 1. Let t be u(2). Suppose -t*h + n = -2*h. Is 11 a factor of h?
True
Let h = 21 + -11. Suppose 483 = -4*v + 1851. Is 17 a factor of v/h + 5/(-25)?
True
Suppose 0 = -11*c + 4*c + 483. Is c a multiple of 18?
False
Suppose 16*h = 17*h - 21. Is 5 a factor of h?
False
Let y be 2/7 + 80/14. Let w(n) = n - 4. Let z be w(y). Suppose 5*q - 2*f - 3*f - 85 = 0, -2*f + 26 = z*q. Does 10 divide q?
False
Let a(r) be the second derivative of r**4/3 - 5*r**3/6 + 3*r**2/2 + 2*r. Is 9 a factor of a(3)?
False
Suppose -2*v - 2*v = -20. Suppose 0 = -0*o + v*o - 10, -2*o = n - 20. Is n a multiple of 13?
False
Let t = -5 - -4. Does 7 divide 18 + -2 + 2/t?
True
Is (15 - 20)*(-10 - -1) a multiple of 17?
False
Suppose 0 = -m - 4*v - 8, 4*m - 3 = -3*v - 9. Suppose -28 = 2*n - m*n. Let a = 4 - n. Does 9 divide a?
True
Let z = 66 + -48. Is z even?
True
Let t(f) be the first derivative of 29*f - 2 + 1/2*f**2. Is t(0) a multiple of 14?
False
Suppose -4*p - 1 = -3*p. Does 15 divide 68 + -2 + 4/p?
False
Suppose -14 = -2*m + 74. Is 8 a factor of m?
False
Let d = 36 - -174. Does 35 divide d?
True
Let l(w) = -w**2 + w + 1. Let f(g) = -g**3 + 15*g**2 - 7*g - 18. Let b(v) = -f(v) - 6*l(v). Is b(9) a multiple of 8?
False
Let a = -7 - -7. Suppose f + a*f - 4 = 0. Suppose 5*u = f*o + 98, -5*u - 6*o + o = -125. Does 11 divide u?
True
Suppose 2*f + x = 66, -5*f = -3*x - 100 - 54. Is f a multiple of 16?
True
Suppose 0 = 3*y - 6, 2*y + 2641 = 5*k + 1020. Is 13 a factor of k?
True
Suppose l - 89 + 11 = 5*o, 3*l - 3*o = 198. Is 33 a factor of l?
False
Suppose 60 + 292 = 8*f. Does 7 divide f?
False
Let w(i) = i**2 + 6*i + 13. Does 5 divide w(-7)?
True
Let o = 326 + -189. Is o a multiple of 30?
False
Let i be (28/6 - 4)*30. Suppose -i = 4*b, v + 2*b - 80 = -4*v. Is 6 a factor of v?
True
Let m be ((-9)/(1 - 2))/1. Suppose 5*b = 24 - m. Suppose -5*a + 24 = -b*a. Is 12 a factor of a?
True
Suppose 5*l + 17 = -r + 2*l, 11 = 2*r - 3*l. Let f be ((-1)/r)/((-2)/(-8)). Suppose -f*d + 60 = 3*d. Is d a multiple of 5?
False
Suppose 0 = -21*i + 16*i + 180. Does 6 divide i?
True
Suppose 88 = 2*r + 8. Is 3 a factor of r?
False
Suppose 5*m = 4*c + 53, -3*m + 42 = m - 3*c. Is 24 a factor of (m - 8)/(2/48)?
True
Let a(w) = 2*w**2 + 2*w + 1. Suppose f + 2 = 5. Does 10 divide a(f)?
False
Suppose s + 19 = 4. Is (-432)/s + 3/15 a multiple of 29?
True
Let f(y) = 2*y**3 - 8*y**2 + 3*y + 1. Is 9 a factor of f(5)?
False
Let h(q) = -13*q - 1. Let s be h(7). Is 12 a factor of (s/6)/((-6)/9)?
False
Suppose -2*j + j + 3*a = 1, -13 = -3*j + 5*a. Is 6 a factor of j?
False
Let x(o) = 2*o + 44. Is x(-14) a multiple of 4?
True
Suppose 2*h - 2 = h. Suppose -4*b + 2*y + 6 = -2*b, -5*b = -h*y - 21. Is b a multiple of 5?
True
Suppose 2*p = -0*p + 10, -4*p = 4*o - 76. Is 4 a factor of o?
False
Let u(z) = -z**2 - 13*z - 8. Let o(t) = -3*t**2 - 38*t - 23. Let j(l) = 3*o(l) - 8*u(l). Is 2 a factor of j(-9)?
True
Suppose -4*g + 8*s = 3*s + 4, 0 = 2*g + 4*s + 2. Is 8 a factor of g + 0 - (5 + -17)?
False
Let g = 0 + 0. Let p be 1/(-2)*1*-94. Is p/(2 - (1 + g)) a multiple of 23?
False
Let o(p) = -2*p**3 - 3*p**2 - 2*p + 2. Let f be o(-2). Let t be (-3 - -6)*f/6. Let n(k) = k**3 - 6*k**2 + 6*k + 3. Is n(t) a multiple of 3?
False
Let y be 6 + (3 - (0 + 5)). Suppose 1 = -5*w - y. Let r(m) = -25*m**3 - m**2 + m + 1. Is 8 a factor of r(w)?
True
Suppose 0 = -2*g + 3*g - 5*k - 180, -5*k = 0. Is g a multiple of 15?
True
Let z be (-29)/(-6) + 3/18. Suppose -2*y + 4*m = 0, z - 3 = -m. Is 4 a factor of y/(-14) + (-162)/(-21)?
True
Let s = 266 + 10. Does 12 divide s?
True
Let k be 0/(1/(-3 - -2)). Suppose 3*z = p + p - 9, -z + 3 = k. Does 3 divide p?
True
Let h = 3 - -2. Suppose -50 = -5*j - h*c, -2*j + 2*c + 28 = 2*j. Is 5 a factor of j?
False
Let n(m) = -14*m - 89. Is n(-14) a multiple of 14?
False
Let b be (-7)/(-3) + (-3)/9. Is 2*(5/b - -2) a multiple of 5?
False
Does 16 divide (-5 - -2) + 63 - (-18)/(-6)?
False
Suppose 4*f - 13 = -3*x + 5, 4*f - 12 = 0. Suppose 5*n - 51 = 2*d, -3*d + x*d = 4*n - 33. Does 3 divide n?
True
Suppose -a - 4 = 0, -28 = -4*b - 5*a + 496. Is 34 a factor of b?
True
Suppose r = -r. Suppose r*g + 9 = g. Is 2 a factor of g?
False
Let n(y) = y + 4*y - 2 - y. Does 9 divide n(6)?
False
Let u be -3 + (-1)/(-1) + 6